, -4*h - 4*d = 192. Let b be ((-6)/4)/(4/h). Calculate the remainder when (b - 0)*(-6)/(-12) is divided by 5.
4
Let w(p) = -18*p**3 - 7*p**2 - 7*p. Let y(r) = 37*r**3 + 15*r**2 + 15*r. Let u(x) = 13*w(x) + 6*y(x). Calculate the remainder when 34 is divided by u(-1).
10
Calculate the remainder when (-2 - 0)/(2/(-27)) is divided by 7.
6
Suppose 0 = 2*t + 5*o + 20 - 7, -5*o - 15 = 0. Let x be t + (0 + 0 - 3). Let q = x + 6. Calculate the remainder when 14 is divided by q.
2
Let o(p) = p**2 - 2*p - 4. Let n be o(4). Suppose 32 = 5*c + n*b - 47, 2*c - 4*b - 26 = 0. What is the remainder when c is divided by 1 + -3*(-7)/3?
7
Suppose t - 2*p = -2*t + 155, 4*p + 157 = 3*t. Calculate the remainder when t is divided by 13.
12
Let h(t) = -t**2 + 9*t + 13. Let o(p) = 16*p**2 - p - 1. Let x be o(-1). Let d = 27 - x. Calculate the remainder when h(8) is divided by d.
10
Suppose 1 - 185 = 2*g. Let n = -51 - g. Suppose 4*s + 9 - n = 0. What is the remainder when 14 is divided by s?
6
Let q(c) = c**2 - 2*c - 5. Suppose -3*u + 2*w = -2, -3*u - 2*w = -0*u - 22. Suppose -u*b = -5*b + 5. What is the remainder when q(b) is divided by 6?
4
Let l be (-10)/(-25) + (-132)/(-20). What is the remainder when (0 - -1) + 27 + 1 is divided by ((-1)/3)/(l/(-168))?
5
Let t be 14/(-6) + 6/(-9). What is the remainder when 5 is divided by (-5)/(-15) + (-8)/t?
2
Suppose d - 2*o - 23 = 20, 3*d - 4*o = 133. What is the remainder when 139 is divided by d?
45
Let d = 13 + -7. What is the remainder when 2/d + (-23)/(-3) is divided by 5?
3
Let a = -17 - -25. Calculate the remainder when a is divided by (-9)/2*2/(-3).
2
Let o(l) = l**2 + l - 5. Suppose -4*n - 8 = -2*n. Calculate the remainder when o(n) is divided by 3.
1
Let f be (-1 - 19)*5/1. Calculate the remainder when -1 - (-7)/((-14)/f) is divided by 17.
15
Suppose 2 = -3*f - 2*o, 3*f - 4*o = -0*o + 22. Suppose -f*d + 2 = -2*x, 6*x - 4*x - 4 = -d. Calculate the remainder when 3 is divided by x.
0
Suppose 4*c - 2 = -26. What is the remainder when (63/c)/((-1)/4) is divided by 11?
9
Let i be 14/(-10) - (-4)/10. What is the remainder when (38/(-5))/(i/5) is divided by (-4)/(-14) + 178/14?
12
Suppose 3*f - 17 = 2*f. Suppose 76 = -0*x + 2*x. What is the remainder when x is divided by f + 3/2*2?
18
Let n be (-26)/(-4) - (-3)/(-2). Let f(d) = 2*d**2 - 7*d + 11. Calculate the remainder when f(n) is divided by 9.
8
Let k = -14 - -17. Calculate the remainder when (1/(-3))/((-2)/24) is divided by k.
1
Suppose 11*y = 18 + 213. What is the remainder when 80 is divided by y?
17
Suppose -3*f - 4 - 14 = 0. Let p = 16 + f. What is the remainder when p is divided by 6?
4
Suppose -154 = -4*m + 90. What is the remainder when m is divided by 21?
19
Let f = -24 - -24. Suppose f*s = -s + 31. Suppose u + 2 = 2*j - 29, -97 = -5*j - 4*u. What is the remainder when s is divided by j?
14
Let p(h) = -h**2 - h - 22. Let n be p(0). Let i = -9 - n. Calculate the remainder when i is divided by 7.
6
Suppose -31*k = -14*k - 1088. What is the remainder when k is divided by 22?
20
Suppose -5*r + 0*g - 3*g + 72 = 0, 4*g = r - 19. What is the remainder when r is divided by 4?
3
Suppose -2*y = -147 - 21. Calculate the remainder when y is divided by 31.
22
Let r(o) = o + 2. Let n be r(1). Suppose 3*l + n = 18. Calculate the remainder when l is divided by 3.
2
Suppose 2*y - 2*z - z + 10 = 0, 3*z = 4*y + 14. Let n be 5/2 - y/4. Calculate the remainder when 8 + -2 + 6/n is divided by 5.
3
Let n(h) = -6*h - 10. Calculate the remainder when n(-8) is divided by 3.
2
Suppose 0 = -s - 5*g + 87, 3*s - 4*g = 186 + 56. What is the remainder when s is divided by 28?
26
Let c be (-9)/3 + -1 + 0. Let y = -4 - c. Suppose y = -3*a + a + 28. Calculate the remainder when a is divided by 4.
2
Suppose 0*u = 3*u - 6. Suppose -u*p + 44 = 5*r, 0*r = -p - 4*r + 28. What is the remainder when 22 is divided by p?
10
Calculate the remainder when 42 - (-1 - (-6)/2) is divided by 7.
5
Let s(u) = u + 15. Let c be s(-8). Suppose 5*v + 6 = c*v. Calculate the remainder when (-58)/v*9/(-6) is divided by 10.
9
Let s(b) = -b**3 - 5*b**2 - 5*b - 1. Let m be s(-5). Suppose -3*d + m = -3*z - 0, z + 20 = -3*d. Let v = z + 24. Calculate the remainder when v is divided by 5.
3
Suppose 20 = -2*d - 28. Let x = 40 + d. Let g = -68 + 114. Calculate the remainder when g is divided by x.
14
Let r be (-1)/(-4) - (-19)/4. Suppose -n + 15 = y, -r*n + 3*y = -25 - 66. What is the remainder when n is divided by 10?
7
Let v = -31 + 36. Let s = -8 + 15. What is the remainder when s is divided by v?
2
Let d(l) = l**2 - 3*l - 6. Let r be d(5). Suppose r*n - 116 = -0*n. Calculate the remainder when n is divided by 16.
13
Let v(q) = 7*q + 4. Let g(k) = -k**2 - 15*k - 8. Let a be g(-14). Let o = 22 - a. Calculate the remainder when v(6) is divided by o.
14
Suppose 3*m + 4 = -35. Let s = 9 - m. What is the remainder when s is divided by 8?
6
Suppose 112 + 10 = 2*n. Calculate the remainder when n is divided by 32.
29
Suppose 3*f + 4*c = -7 + 1, 4*c = 2*f - 16. Let p = 4 - f. Suppose 3*b - 19 = p. What is the remainder when 12 is divided by b?
5
Suppose 0 = 2*l - 3*o + 4 - 41, -2*l - 3*o + 55 = 0. What is the remainder when l is divided by (64/40)/((-4)/(-30))?
11
Suppose -2*w - 2*b - 10 = 0, -2*w + 2*b + 14 = -2*b. Calculate the remainder when w*(-11)/(44/48) is divided by 7.
5
Suppose a + 8 + 1 = r, -2*r - 7 = 3*a. Calculate the remainder when 6 is divided by r.
2
Calculate the remainder when 91 is divided by 29 + 6/(-2) + -3.
22
Let c be (120/70)/((-2)/(-77)). Suppose 2*d + h + 82 = -2*d, -3*d - c = 3*h. Let p = d - -35. Calculate the remainder when 28 is divided by p.
13
Suppose 0 = 4*y - 5*h - 37, h - 45 = -3*y - h. Let p = -55 - 28. Let k = 120 + p. What is the remainder when k is divided by y?
11
Let i(z) = -4*z**3 + z**2 + 2*z + 1. Let s be i(-1). Suppose 0*q + s = q. What is the remainder when 10 is divided by q?
2
Suppose a + 3 = -2*k, 2*a - k - 10 = 3*k. Let q = a + -3. What is the remainder when (-2 - 3 - q)*-5 is divided by 9?
6
Suppose -3 - 1 = 2*g, -5*k - 5*g = 5. Calculate the remainder when 56 is divided by k/(((-9)/57)/(-3)).
18
Let k = -99 - -160. What is the remainder when k is divided by 21?
19
Let p be ((-15)/2)/((-6)/(-16)). Let y = p + 30. What is the remainder when 27 is divided by y?
7
Let d(l) = l**2 - l - 2. What is the remainder when d(-5) is divided by 10?
8
Let y(z) = -4 + 2*z + 0*z + 0*z - z. What is the remainder when (3/(-5))/((-3)/15) is divided by y(6)?
1
What is the remainder when (-9)/((-36)/64)*4 is divided by 13?
12
Let a = -43 + 110. What is the remainder when a is divided by 23?
21
Calculate the remainder when 108 is divided by (0 + 2 + -3)*(8 + -27).
13
Suppose 52*o = 50*o + 176. What is the remainder when o is divided by 13?
10
Let y = -47 - -101. Suppose 3*q - y = -15. What is the remainder when 50 is divided by q?
11
Suppose -32 = -4*t + 28. What is the remainder when 29 is divided by t?
14
Calculate the remainder when 155 is divided by (6/4)/(1/(-80)*-3).
35
Let g = 5 + -2. Suppose g*m + 2*m - 15 = 0. What is the remainder when m is divided by 1?
0
Suppose 4*m - 4 = 16. Suppose 4*u - 18 = -t, -m*t - 46 + 11 = -5*u. Suppose -r + s + 11 = u*s, -s = -r + 11. Calculate the remainder when r is divided by 4.
3
Let p(s) = -s**3 + 17*s**2 - 12*s - 6. What is the remainder when p(16) is divided by 1/(-4) - (-81)/4?
18
Let i = 8 + -6. Suppose 4*p - 2*p - 3*h = 28, p + i*h = 0. Let f = p - 3. Calculate the remainder when f is divided by 4.
1
Suppose 4*g - 4*b = 452, 5*g - 2*b - b - 561 = 0. Calculate the remainder when g is divided by 38.
35
Let n(c) = -c**3 - c**2 + 5*c - 4. Let y be n(3). Let z = -18 - y. What is the remainder when z is divided by 3?
1
Let g(c) = -c**3 - 6*c**2 + 4*c + 8. Suppose 10*a = 5*a + 4*p - 27, 29 = -3*a - 4*p. Calculate the remainder when g(a) is divided by 10.
9
Let k = -23 - -32. What is the remainder when 16 is divided by k?
7
Let x be (3/(-4))/((-1)/(-828)). Calculate the remainder when x/(-18) + (-3)/(-2) is divided by 19.
17
Let c(j) = 2*j**2 + 6*j - 2. Let p(v) = v - 3. Let s be p(5). Let y = 15 + s. Calculate the remainder when y is divided by c(-4).
5
Let c(n) = -n**3 - 10*n**2 - 9*n + 11. Calculate the remainder when c(-9) is divided by 7.
4
Suppose 2*n - j